 common factor of 5624 and 19.
19
What is the highest common factor of 49 and 2597?
49
What is the greatest common factor of 606 and 6?
6
What is the greatest common divisor of 624 and 384?
48
Calculate the greatest common factor of 12 and 2920.
4
Calculate the greatest common divisor of 42 and 1155.
21
What is the highest common divisor of 11175 and 300?
75
What is the greatest common factor of 21 and 27?
3
What is the greatest common factor of 70 and 80?
10
What is the highest common divisor of 1273 and 67?
67
What is the highest common factor of 104 and 39?
13
Calculate the greatest common factor of 27 and 1623.
3
Calculate the greatest common divisor of 194 and 679.
97
What is the greatest common factor of 44 and 88?
44
Calculate the greatest common factor of 10 and 70.
10
Calculate the highest common divisor of 1408 and 384.
128
Calculate the highest common factor of 5742 and 198.
198
Calculate the greatest common divisor of 20 and 30.
10
What is the greatest common factor of 48 and 4668?
12
What is the highest common factor of 7811 and 73?
73
Calculate the greatest common divisor of 776 and 291.
97
Calculate the highest common divisor of 6 and 1950.
6
Calculate the highest common divisor of 230 and 70.
10
Calculate the greatest common factor of 10880 and 720.
80
What is the highest common factor of 210 and 12060?
30
Calculate the highest common factor of 45 and 1445.
5
What is the greatest common factor of 13 and 169?
13
What is the greatest common factor of 14335 and 235?
235
What is the greatest common factor of 1540 and 630?
70
What is the greatest common factor of 5 and 505?
5
Calculate the highest common factor of 55 and 66.
11
What is the greatest common factor of 1513 and 178?
89
What is the greatest common factor of 12 and 588?
12
Calculate the greatest common divisor of 48 and 516.
12
Calculate the highest common divisor of 81 and 207.
9
Calculate the greatest common factor of 1003 and 59.
59
Calculate the greatest common factor of 81 and 117.
9
Calculate the greatest common factor of 658 and 1222.
94
Calculate the greatest common factor of 1454 and 2.
2
Calculate the greatest common factor of 26433 and 99.
99
What is the highest common divisor of 288 and 64?
32
Calculate the highest common divisor of 22 and 74.
2
What is the highest common divisor of 7356 and 48?
12
Calculate the greatest common divisor of 5038 and 11.
11
What is the greatest common factor of 1060 and 295?
5
Calculate the highest common factor of 3211 and 209.
19
Calculate the greatest common divisor of 143 and 55.
11
What is the highest common factor of 3 and 21?
3
Calculate the highest common divisor of 1083 and 38.
19
What is the greatest common divisor of 51 and 3281?
17
Calculate the greatest common factor of 74 and 37333.
37
What is the greatest common divisor of 340 and 612?
68
Calculate the highest common divisor of 645 and 15.
15
What is the greatest common divisor of 16 and 88?
8
What is the highest common divisor of 84 and 224?
28
What is the highest common factor of 810 and 90?
90
What is the highest common factor of 90 and 8955?
45
Calculate the highest common factor of 117 and 18.
9
Calculate the highest common divisor of 4 and 8632.
4
What is the greatest common divisor of 138 and 20654?
46
Calculate the greatest common factor of 13 and 481.
13
What is the greatest common divisor of 3520 and 56?
8
What is the greatest common divisor of 224 and 476?
28
Calculate the highest common divisor of 4 and 18.
2
What is the highest common divisor of 62 and 403?
31
What is the highest common divisor of 22 and 278?
2
Calculate the highest common factor of 23 and 4531.
23
Calculate the greatest common divisor of 16 and 1208.
8
Calculate the highest common divisor of 228 and 96.
12
Calculate the highest common factor of 16666 and 78.
26
What is the greatest common divisor of 65 and 507?
13
What is the highest common factor of 117 and 63?
9
Calculate the highest common divisor of 638 and 522.
58
What is the greatest common divisor of 15934 and 62?
62
What is the highest common divisor of 8 and 104?
8
What is the highest common divisor of 162 and 567?
81
What is the highest common divisor of 58 and 4031?
29
What is the greatest common factor of 9469 and 17?
17
Calculate the highest common factor of 11 and 341.
11
What is the greatest common divisor of 108 and 180?
36
Calculate the greatest common divisor of 91 and 28.
7
What is the greatest common divisor of 8144 and 144?
16
Calculate the highest common divisor of 12031 and 53.
53
What is the greatest common divisor of 8 and 380?
4
Calculate the highest common factor of 304 and 95.
19
What is the greatest common factor of 10 and 80?
10
What is the greatest common factor of 990 and 90?
90
What is the highest common factor of 31 and 1891?
31
Calculate the greatest common factor of 243 and 27.
27
Calculate the highest common factor of 574 and 112.
14
Calculate the greatest common factor of 39 and 12519.
39
What is the greatest common factor of 513 and 27?
27
What is the greatest common divisor of 29 and 1769?
29
Calculate the highest common factor of 2442 and 88.
22
What is the greatest common factor of 36 and 1926?
18
Calculate the greatest common factor of 345 and 90.
15
What is the greatest common divisor of 16 and 848?
16
Calculate the greatest common divisor of 4 and 66.
2
Calculate the highest common factor of 40 and 9144.
8
What is the highest common divisor of 474 and 312?
6
What is the greatest common divisor of 18 and 450?
18
Calculate the greatest common divisor of 33 and 4.
1
Calculate the greatest common factor of 342 and 76.
38
What is the greatest common factor of 182 and 56?
14
What is the greatest common divisor of 12 and 1770?
6
What is the highest common divisor of 171 and 1269?
9
Calculate the highest common divisor of 318 and 6.
6
Calculate the greatest common divisor of 25 and 200.
25
What is the greatest common divisor of 1060 and 60?
20
What is the highest common divisor of 26 and 566?
2
Calculate the highest common divisor of 4307 and 295.
59
What is the highest common factor of 180 and 45?
45
Calculate the highest common divisor of 26 and 4823.
13
Calculate the greatest common factor of 2032 and 16.
16
What is the highest common factor of 10828 and 20?
4
Calculate the highest common divisor of 28 and 392.
28
Calculate the highest common divisor of 192 and 240.
48
Calculate the greatest common divisor of 370 and 222.
74
Calculate the greatest common divisor of 112496 and 356.
356
Calculate the highest common factor of 481 and 39.
13
What is the highest common divisor of 1178 and 152?
38
What is the greatest common divisor of 234 and 18?
18
What is the highest common factor of 2831 and 149?
149
Calculate the highest common factor of 136 and 2584.
136
Calculate the highest common divisor of 192 and 1856.
64
Calculate the greatest common divisor of 1 and 657.
1
Calculate the highest common factor of 8 and 52.
4
Calculate the greatest common factor of 1558 and 38.
38
Calculate the highest common divisor of 23265 and 90.
45
Calculate the highest common divisor of 72018 and 9.
9
Calculate the highest common divisor of 13617 and 204.
51
What is the highest common divisor of 7 and 2401?
7
Calculate the highest common factor of 96 and 6432.
96
What is the highest common factor of 2249 and 13?
13
Calculate the greatest common factor of 208 and 182.
26
Calculate the highest common factor of 40 and 110.
10
What is the highest common factor of 366 and 610?
122
Calculate the greatest common factor of 768 and 12.
12
Calculate the greatest common divisor of 176 and 77.
11
What is the highest common factor of 220 and 2585?
55
Calculate the highest common divisor of 10 and 190.
10
What is the greatest common divisor of 18 and 81?
9
Calculate the highest common factor of 234 and 26.
26
Calculate the highest common factor of 572 and 1188.
44
Calculate the highest common divisor of 3136 and 56.
56
What is the highest common factor of 104 and 16?
8
Calculate the greatest common factor of 42660 and 108.
108
What is the greatest common divisor of 10 and 9335?
5
What is the highest common factor of 140 and 7?
7
Calculate the greatest common divisor of 15 and 155.
5
What is the greatest common divisor of 39 and